{"id":322,"date":"2026-03-09T11:34:42","date_gmt":"2026-03-09T11:34:42","guid":{"rendered":"https:\/\/abulaf.hu\/orvosoknak\/portfolio\/"},"modified":"2026-03-09T11:34:42","modified_gmt":"2026-03-09T11:34:42","slug":"portfolio","status":"publish","type":"page","link":"https:\/\/abulaf.hu\/orvosoknak\/portfolio\/","title":{"rendered":"Portfolio"},"content":{"rendered":"<div class=\"wp-block-visual-portfolio\">\n<div class=\"vp-portfolio vp-uid-d399bc19 vp-id-23e11459\"\n\tdata-vp-layout=\"tiles\" data-vp-content-source=\"post-based\" data-vp-items-style=\"fade\" data-vp-items-click-action=\"url\" data-vp-items-gap=\"30\" data-vp-items-gap-vertical=\"\" data-vp-pagination=\"paged\" data-vp-next-page-url=\"\" data-vp-tiles-type=\"3|1,1|\" >\n\t<div class=\"vp-portfolio__preloader-wrap\">\n\t\t<div class=\"vp-portfolio__preloader\">\n\t\t\t<img decoding=\"async\" loading=\"eager\" src=\"https:\/\/abulaf.hu\/orvosoknak\/wp-content\/plugins\/visual-portfolio\/assets\/images\/logo-dark.svg\" alt=\"Visual Portfolio, Posts &amp; Image Gallery for WordPress\" width=\"20\" height=\"20\" data-skip-lazy>\n\t\t<\/div>\n\t<\/div>\n\t\t<div class=\"vp-portfolio__items-wrap\">\n\t\t\t\n<div class=\"vp-portfolio__items vp-portfolio__items-style-fade vp-portfolio__items-show-overlay-hover\">\n\n\t\t<article\t\tclass=\"vp-portfolio__item-wrap post-2 page type-page status-publish hentry entry vp-portfolio__item-uid-630d886f\" data-vp-filter=\"\" \t\t>\n\t\t\t\t\t\t\t\t\t<figure class=\"vp-portfolio__item\">\n\t\t\t\t\n<div class=\"vp-portfolio__item-img-wrap\">\n\t<div class=\"vp-portfolio__item-img\">\n\t\t\t<a\n\t\thref=\"https:\/\/abulaf.hu\/orvosoknak\/\"\n\t\t\t>\n\t\n\t\t<noscript><img fetchpriority=\"high\" decoding=\"async\" width=\"1201\" height=\"900\" data-skip-lazy src=\"https:\/\/abulaf.hu\/orvosoknak\/wp-content\/uploads\/sites\/6\/visual-portfolio\/placeholder.avif\" class=\"wp-image-324\" alt=\"\" srcset=\"https:\/\/abulaf.hu\/orvosoknak\/wp-content\/uploads\/sites\/6\/visual-portfolio\/placeholder.avif 1201w, https:\/\/abulaf.hu\/orvosoknak\/wp-content\/uploads\/sites\/6\/visual-portfolio\/placeholder-300x225.avif 300w, https:\/\/abulaf.hu\/orvosoknak\/wp-content\/uploads\/sites\/6\/visual-portfolio\/placeholder-1024x767.avif 1024w, https:\/\/abulaf.hu\/orvosoknak\/wp-content\/uploads\/sites\/6\/visual-portfolio\/placeholder-768x576.avif 768w, https:\/\/abulaf.hu\/orvosoknak\/wp-content\/uploads\/sites\/6\/visual-portfolio\/placeholder-500x375.avif 500w, https:\/\/abulaf.hu\/orvosoknak\/wp-content\/uploads\/sites\/6\/visual-portfolio\/placeholder-800x600.avif 800w\" sizes=\"(max-width: 1201px) 100vw, 1201px\" \/><\/noscript><img decoding=\"async\" width=\"1201\" height=\"900\" src=\"https:\/\/abulaf.hu\/orvosoknak\/wp-content\/uploads\/sites\/6\/visual-portfolio\/placeholder.avif\" class=\"wp-image-324 vp-lazyload\" alt srcset=\"data:image\/svg+xml;base64,PHN2ZyB3aWR0aD0iMTIwMSIgaGVpZ2h0PSI5MDAiIHZpZXdCb3g9IjAgMCAxMjAxIDkwMCIgZmlsbD0ibm9uZSIgeG1sbnM9Imh0dHA6Ly93d3cudzMub3JnLzIwMDAvc3ZnIj48L3N2Zz4=\" data-src=\"https:\/\/abulaf.hu\/orvosoknak\/wp-content\/uploads\/sites\/6\/visual-portfolio\/placeholder.avif\" data-srcset=\"https:\/\/abulaf.hu\/orvosoknak\/wp-content\/uploads\/sites\/6\/visual-portfolio\/placeholder.avif 1201w, https:\/\/abulaf.hu\/orvosoknak\/wp-content\/uploads\/sites\/6\/visual-portfolio\/placeholder-300x225.avif 300w, https:\/\/abulaf.hu\/orvosoknak\/wp-content\/uploads\/sites\/6\/visual-portfolio\/placeholder-1024x767.avif 1024w, https:\/\/abulaf.hu\/orvosoknak\/wp-content\/uploads\/sites\/6\/visual-portfolio\/placeholder-768x576.avif 768w, https:\/\/abulaf.hu\/orvosoknak\/wp-content\/uploads\/sites\/6\/visual-portfolio\/placeholder-500x375.avif 500w, https:\/\/abulaf.hu\/orvosoknak\/wp-content\/uploads\/sites\/6\/visual-portfolio\/placeholder-800x600.avif 800w\" data-sizes=\"auto\" loading=\"eager\">\n\t\t<\/a>\t<\/div>\n<\/div>\n\t<figcaption class=\"vp-portfolio__item-overlay vp-portfolio__item-overlay-text-align-center\">\n\t\t<div class=\"vp-portfolio__item-meta-wrap vp-portfolio__custom-scrollbar\">\n\t\t\t\t<a\n\t\thref=\"https:\/\/abulaf.hu\/orvosoknak\/\"\n\t\ttabindex=\"-1\" class=\"vp-portfolio__item-meta\" \t>\n\t\n<h2 class=\"vp-portfolio__item-meta-title\">\n\thonlap orvosoknak<\/h2>\n<\/a>\t\t<\/div>\n\t<\/figcaption>\n\t\t\t<\/figure>\n\t\t\t\t\t<\/article>\n\t\t\n<\/div>\n\t\t<\/div>\n\t\t\t\t<div class=\"vp-portfolio__layout-elements vp-portfolio__layout-elements-bottom vp-portfolio__layout-elements-align-center\">\n\t\t\t\t<div class=\"vp-portfolio__pagination-wrap\">\n\t\t\t\t<\/div>\n\t\t\t\t<\/div>\n\t\t\n<\/div>\n<\/div>","protected":false},"excerpt":{"rendered":"","protected":false},"author":1,"featured_media":0,"parent":0,"menu_order":0,"comment_status":"closed","ping_status":"closed","template":"","meta":{"_vp_format_video_url":"","_vp_image_focal_point":[],"footnotes":""},"class_list":["post-322","page","type-page","status-publish","hentry","entry"],"yoast_head":"<!-- This site is optimized with the Yoast SEO plugin v27.5 - https:\/\/yoast.com\/product\/yoast-seo-wordpress\/ -->\n<title>Portfolio - Honlap orvosoknak<\/title>\n<meta name=\"robots\" content=\"index, follow, max-snippet:-1, max-image-preview:large, max-video-preview:-1\" \/>\n<link rel=\"canonical\" href=\"https:\/\/abulaf.hu\/orvosoknak\/portfolio\/\" \/>\n<meta property=\"og:locale\" content=\"hu_HU\" \/>\n<meta property=\"og:type\" content=\"article\" \/>\n<meta property=\"og:title\" content=\"Portfolio - Honlap orvosoknak\" \/>\n<meta property=\"og:url\" content=\"https:\/\/abulaf.hu\/orvosoknak\/portfolio\/\" \/>\n<meta property=\"og:site_name\" content=\"Honlap orvosoknak\" \/>\n<meta name=\"twitter:card\" content=\"summary_large_image\" \/>\n<script type=\"application\/ld+json\" class=\"yoast-schema-graph\">{\"@context\":\"https:\\\/\\\/schema.org\",\"@graph\":[{\"@type\":\"WebPage\",\"@id\":\"https:\\\/\\\/abulaf.hu\\\/orvosoknak\\\/portfolio\\\/\",\"url\":\"https:\\\/\\\/abulaf.hu\\\/orvosoknak\\\/portfolio\\\/\",\"name\":\"Portfolio - Honlap orvosoknak\",\"isPartOf\":{\"@id\":\"https:\\\/\\\/abulaf.hu\\\/orvosoknak\\\/#website\"},\"datePublished\":\"2026-03-09T11:34:42+00:00\",\"breadcrumb\":{\"@id\":\"https:\\\/\\\/abulaf.hu\\\/orvosoknak\\\/portfolio\\\/#breadcrumb\"},\"inLanguage\":\"hu\",\"potentialAction\":[{\"@type\":\"ReadAction\",\"target\":[\"https:\\\/\\\/abulaf.hu\\\/orvosoknak\\\/portfolio\\\/\"]}]},{\"@type\":\"BreadcrumbList\",\"@id\":\"https:\\\/\\\/abulaf.hu\\\/orvosoknak\\\/portfolio\\\/#breadcrumb\",\"itemListElement\":[{\"@type\":\"ListItem\",\"position\":1,\"name\":\"Kezd\u0151lap\",\"item\":\"https:\\\/\\\/abulaf.hu\\\/orvosoknak\\\/\"},{\"@type\":\"ListItem\",\"position\":2,\"name\":\"Portfolio\"}]},{\"@type\":\"WebSite\",\"@id\":\"https:\\\/\\\/abulaf.hu\\\/orvosoknak\\\/#website\",\"url\":\"https:\\\/\\\/abulaf.hu\\\/orvosoknak\\\/\",\"name\":\"Honlap orvosoknak\",\"description\":\"orvosoknak, eg\u00e9szs\u00e9g\u00fcgyben dolgoz\u00f3knak\",\"potentialAction\":[{\"@type\":\"SearchAction\",\"target\":{\"@type\":\"EntryPoint\",\"urlTemplate\":\"https:\\\/\\\/abulaf.hu\\\/orvosoknak\\\/?s={search_term_string}\"},\"query-input\":{\"@type\":\"PropertyValueSpecification\",\"valueRequired\":true,\"valueName\":\"search_term_string\"}}],\"inLanguage\":\"hu\"}]}<\/script>\n<!-- \/ Yoast SEO plugin. -->","yoast_head_json":{"title":"Portfolio - Honlap orvosoknak","robots":{"index":"index","follow":"follow","max-snippet":"max-snippet:-1","max-image-preview":"max-image-preview:large","max-video-preview":"max-video-preview:-1"},"canonical":"https:\/\/abulaf.hu\/orvosoknak\/portfolio\/","og_locale":"hu_HU","og_type":"article","og_title":"Portfolio - Honlap orvosoknak","og_url":"https:\/\/abulaf.hu\/orvosoknak\/portfolio\/","og_site_name":"Honlap orvosoknak","twitter_card":"summary_large_image","schema":{"@context":"https:\/\/schema.org","@graph":[{"@type":"WebPage","@id":"https:\/\/abulaf.hu\/orvosoknak\/portfolio\/","url":"https:\/\/abulaf.hu\/orvosoknak\/portfolio\/","name":"Portfolio - Honlap orvosoknak","isPartOf":{"@id":"https:\/\/abulaf.hu\/orvosoknak\/#website"},"datePublished":"2026-03-09T11:34:42+00:00","breadcrumb":{"@id":"https:\/\/abulaf.hu\/orvosoknak\/portfolio\/#breadcrumb"},"inLanguage":"hu","potentialAction":[{"@type":"ReadAction","target":["https:\/\/abulaf.hu\/orvosoknak\/portfolio\/"]}]},{"@type":"BreadcrumbList","@id":"https:\/\/abulaf.hu\/orvosoknak\/portfolio\/#breadcrumb","itemListElement":[{"@type":"ListItem","position":1,"name":"Kezd\u0151lap","item":"https:\/\/abulaf.hu\/orvosoknak\/"},{"@type":"ListItem","position":2,"name":"Portfolio"}]},{"@type":"WebSite","@id":"https:\/\/abulaf.hu\/orvosoknak\/#website","url":"https:\/\/abulaf.hu\/orvosoknak\/","name":"Honlap orvosoknak","description":"orvosoknak, eg\u00e9szs\u00e9g\u00fcgyben dolgoz\u00f3knak","potentialAction":[{"@type":"SearchAction","target":{"@type":"EntryPoint","urlTemplate":"https:\/\/abulaf.hu\/orvosoknak\/?s={search_term_string}"},"query-input":{"@type":"PropertyValueSpecification","valueRequired":true,"valueName":"search_term_string"}}],"inLanguage":"hu"}]}},"_links":{"self":[{"href":"https:\/\/abulaf.hu\/orvosoknak\/wp-json\/wp\/v2\/pages\/322","targetHints":{"allow":["GET"]}}],"collection":[{"href":"https:\/\/abulaf.hu\/orvosoknak\/wp-json\/wp\/v2\/pages"}],"about":[{"href":"https:\/\/abulaf.hu\/orvosoknak\/wp-json\/wp\/v2\/types\/page"}],"author":[{"embeddable":true,"href":"https:\/\/abulaf.hu\/orvosoknak\/wp-json\/wp\/v2\/users\/1"}],"replies":[{"embeddable":true,"href":"https:\/\/abulaf.hu\/orvosoknak\/wp-json\/wp\/v2\/comments?post=322"}],"version-history":[{"count":1,"href":"https:\/\/abulaf.hu\/orvosoknak\/wp-json\/wp\/v2\/pages\/322\/revisions"}],"predecessor-version":[{"id":323,"href":"https:\/\/abulaf.hu\/orvosoknak\/wp-json\/wp\/v2\/pages\/322\/revisions\/323"}],"wp:attachment":[{"href":"https:\/\/abulaf.hu\/orvosoknak\/wp-json\/wp\/v2\/media?parent=322"}],"curies":[{"name":"wp","href":"https:\/\/api.w.org\/{rel}","templated":true}]}}